7
Let g(f) = -7*f + 31. Let r be g(4). Let m(n) = -n - 3. Let l be m(-5). Suppose r*p - 3 - 3 = 0, 0 = l*d - 4*p. Calculate the highest common factor of 20 and d.
4
Let r = 67 + -64. Suppose 0 = 3*b - 5*b + 6, 279 = 2*s - r*b. Calculate the highest common divisor of 96 and s.
48
Let r(m) = 8*m + 54. Let k be r(-5). What is the greatest common divisor of k and 21?
7
Let m(l) = 8*l + 31. Let x be m(4). Let c(p) = -46*p**2 + p - 1. Let k be c(1). Let s = k + 67. What is the greatest common factor of x and s?
21
Let a be (-3 - 4)*42/(6 - 8). What is the highest common divisor of 63 and a?
21
Suppose 0 = -6*t - 5 + 77. Suppose s + 0*s = 0. Suppose s = 8*x - t*x + 96. Calculate the greatest common divisor of 60 and x.
12
Suppose -13 = -2*m - 3*o, m + 5*o + 2 = -2. Suppose m = 3*q + 5. Let y be (2 + (-8)/q)/(-2). What is the highest common divisor of y and 3?
1
Suppose 0*m + 7*m - 7 = 0. Let k be 66/21 - m/7. What is the greatest common divisor of k and 24?
3
Let a(w) be the third derivative of -w**6/120 - 2*w**5/15 + w**4/24 + 2*w**3 + 29*w**2. Let r be a(-8). Calculate the highest common factor of 28 and r.
4
Let f be 4/(-1)*18/12*-3. Calculate the greatest common factor of f and 36.
18
Suppose 2*v + 19 = 5*l, -v - l = 3 - 11. Calculate the highest common factor of v and 31.
1
Suppose 2669 = 23*i - 919. What is the greatest common factor of 351 and i?
39
Suppose -1265 = -28*z + 247. Calculate the greatest common divisor of 243 and z.
27
Let a(o) = -12*o + 479. Let n be a(22). Calculate the greatest common factor of 172 and n.
43
Suppose 57 - 1 = -4*c. Let b = 14 + c. Suppose l + b*l = 30. Calculate the greatest common factor of 75 and l.
15
Let t be (-7554)/(-21) + -4 + (-150)/(-35). Calculate the highest common divisor of 40 and t.
40
Let a(u) = 2*u. Let o be a(2). Suppose b + 30 = o*b. Let q = 81 - 56. What is the highest common divisor of q and b?
5
Let y(t) = -t**3 + 27*t**2 + 28*t - 4. Let w be y(28). Let z be w/22 - (-3330)/407. What is the highest common divisor of z and 20?
4
Suppose 8*a = 2*a + 18. Suppose 0 = a*g + 1 - 13. Suppose 0 = -g*j - o + 362, -2*o - 3*o = -10. What is the highest common divisor of 18 and j?
18
Suppose 0 = -101*h + 1005 - 81 + 894. Let g(t) = 2*t**2 + t - 3. Let n be g(3). What is the highest common factor of n and h?
18
Let s(d) = -d**3 + 18*d**2 - 2*d + 54. Let k be s(18). Calculate the greatest common divisor of 252 and k.
18
Let q(k) = 11*k + 5. Let b be q(-1). Let h be -1 - -110 - (b + 10). Let d(i) = 22*i - 1. Let o be d(1). Calculate the highest common divisor of h and o.
21
Suppose 2*y - 107 - 1 = 0. Suppose -5*u + 221 = -3*r - 154, 0 = 2*u - 16*r - 224. What is the greatest common factor of u and y?
18
Suppose 5*q = -4*m + 2473 - 477, -5*q - 1532 = -3*m. What is the greatest common divisor of m and 63?
63
Suppose -c + 10*c = 279. Suppose -520 = c*m - 33*m. What is the highest common divisor of m and 20?
20
Let a(t) = 2*t**2 + 10*t - 6. Let o be a(-6). Let s = 36 - o. Calculate the greatest common divisor of s and 75.
15
Let q = -95 - -66. Let j = q - -45. What is the greatest common factor of 8 and j?
8
Let t(f) be the third derivative of f**5/30 - f**4/8 + 2*f**3/3 - 3*f**2. Let j be t(4). What is the highest common divisor of j and 3?
3
Let k(f) = 131*f**2 + f. Let s be k(-1). Suppose 141*a + 364 = 148*a. Calculate the highest common factor of s and a.
26
Let x(q) = -q**3 - q**2 + 13*q + 27. Let j be x(-7). What is the highest common factor of 138 and j?
46
Let p be (-10)/(2 + -4) - (-146 - -1). Calculate the greatest common divisor of p and 60.
30
Let t(r) = 8*r + 101. Let q be t(-10). Suppose -2*a - 3*a = -315. What is the highest common divisor of q and a?
21
Let x(t) be the third derivative of -7*t**4/24 - 5*t**3/6 + 40*t**2. Let y be x(-2). What is the greatest common factor of 36 and y?
9
Let p = 21 - -1. Let i(u) = 3*u**3 + 4*u**2 - 5*u + 8. Let j be i(3). What is the highest common factor of p and j?
22
Suppose 2*f = -15 + 171. Let j = -199 - -199. Suppose j = -5*u + 2*u + f. Calculate the greatest common factor of u and 286.
26
Suppose -5*t = t - 102. Let f(z) = -26*z - 3. Let c be f(-6). Calculate the highest common factor of c and t.
17
Let z = 16 - 11. Suppose 0 = z*p - 2*p - 360. Calculate the greatest common divisor of 24 and p.
24
Suppose 0 = -5*l + 5 + 5. Suppose 44 - 32 = 4*d. Suppose -c - 4*f + 22 = 0, l*c = d*c + 2*f - 26. What is the highest common divisor of c and 6?
6
Suppose 0*y - y + 3*c = -34, 5*y = -3*c + 134. What is the greatest common divisor of 1316 and y?
28
Let t = 1130 - 1082. What is the highest common factor of 1488 and t?
48
Suppose -14*v + 428 = -3030. Calculate the highest common factor of v and 13.
13
Suppose 11*q + 7*q - 756 = 0. Calculate the highest common factor of 24 and q.
6
Let p(t) = -16*t - 26. Let f be p(-4). Let x be 95 + (0/3)/(-2). What is the highest common divisor of f and x?
19
Let j be (-16)/12*(-3)/(-12)*6. Let z(l) = 10*l**2 + 2*l + 9. Let s be z(j). Calculate the highest common divisor of s and 5.
5
Suppose 42*h = 23*h + 4731. Calculate the greatest common factor of 9 and h.
3
Let g(n) = 2*n**2 + 23*n - 32. Let c be g(-13). What is the highest common factor of c and 161?
7
Suppose 240 = -4*d - 0*d. Let z be (2/(-4))/(5/d). Suppose 22 = g - 3*m, g - z*m - 30 = -m. What is the greatest common divisor of g and 10?
10
Let v = -12 + 20. Suppose 4*r - 4*k = -8, 2*k - 18 = -3*r + 1. Suppose r = g - 3*d - 9, -5*d + 20 = 0. What is the highest common divisor of g and v?
8
Suppose 0 = 5*c + 5*p - 20, -2*c - c + 5*p - 12 = 0. Suppose 0 = 4*r + c - 9. Suppose 0 = r*g - 4 - 10. What is the greatest common factor of 35 and g?
7
Suppose -2*h = -7 - 1. Suppose 1301 = 32*j - 747. What is the highest common divisor of j and h?
4
Let n(k) = 3*k - 25. Let x be n(9). Suppose x*f = u - 116, 0*u + u - f = 114. What is the highest common factor of 14 and u?
14
Suppose -7*i + 477 = -1063. What is the greatest common divisor of i and 40?
20
Let w = 1573 + -1440. Calculate the greatest common divisor of 247 and w.
19
Let l(p) = 98*p**3 - p**2 - 3*p + 4. Let u be l(1). Suppose 0 = -11*z + 166 + u. Calculate the highest common divisor of z and 24.
24
Let o = -5 + 35. Suppose 0*n + 8*n - 32 = 0. Let s be (-10)/n*(0 + -18). Calculate the greatest common factor of o and s.
15
Let o(n) = n**3 + 12*n**2 + 14*n + 5. Let v be o(-7). Calculate the highest common divisor of v and 1900.
76
Let h(t) = 129*t**2 - 7*t + 6. Let c be h(1). What is the greatest common divisor of 136 and c?
8
Suppose -5*z = -0*j + 4*j + 44, -16 = -4*z. Let n = j - -22. Let d(r) = 8*r - 8. Let c be d(7). What is the highest common factor of n and c?
6
Let x = 2119 - 2015. What is the greatest common factor of x and 40?
8
Let d(q) = q**2 - 41*q - 96. Let w be d(44). What is the greatest common divisor of w and 1692?
36
Let z = -1060 + 1064. Let n be 2/(-6) - 1/(-3). Suppose n = z*a - 5*r - 126 - 61, 0 = -5*a + 5*r + 235. What is the greatest common factor of a and 12?
12
Let z = 68 + -23. Let a = z + 15. What is the highest common divisor of a and 12?
12
Let y = -25 - -24. Let i be -2*1/2*y. Let l(o) = 9*o**2 + 2*o - 1. Let t be l(i). Calculate the highest common divisor of t and 10.
10
Let m(z) = 7 - z**3 + 149*z**2 - 148*z**2 + 2*z**3 - 5*z - 1. Let a be m(3). What is the highest common divisor of a and 18?
9
Let v(r) = -270 + 131 + 137 - 20*r. Let z be v(-10). Calculate the greatest common factor of z and 9.
9
Let p be 4/(-10)*80/2. Let k = p - -20. Suppose -k*l + 150 = -l. What is the greatest common divisor of l and 10?
10
Let v(r) = -4*r - 7. Let t(n) = 2*n + 39 - 42 - 7*n + n**2. Let s be t(4). Let p be v(s). Calculate the highest common factor of p and 21.
21
Let x = 43 + 62. Suppose -5*m + 9*p + 215 = 7*p, 4*m - 185 = -p. What is the highest common factor of x and m?
15
Suppose -3*i = -6*i + 15. Suppose 3*k + 71 = -m + k, 243 = -3*m + 4*k. Let w be m/(-4) - (-51)/68. Calculate the greatest common factor of w and i.
5
Let p(x) = -x - 12. Let l be p(-5). Let q(o) = o**3 + 8*o**2 - 11*o - 6. Let s be q(l). Suppose 86 = 3*g + 26. Calculate the highest common divisor of s and g.
20
Let i be (-62)/(-2) + (-12 - -9). Suppose -3*p - 48 = -0*p. Let d = i + p. What is the highest common factor of d and 108